Let s(n) = -2*n + 1. Determine s(h).
13
Let v = -10 + 16. Let h = 15 - v. Suppose -c = -4*c - h. Let y(a) = 3*a. Calculate y(c).
-9
Suppose 0 = -18*x + 7*x + 363. Let v(w) = 13 - 14 - 32*w + x*w. Suppose -2*a + a + 6 = 0. Determine v(a).
5
Let d(h) = h + 5. Let v = 36 + -32. Suppose v*x = -11 - 1. Give d(x).
2
Let h(k) = 6*k**3 + 11*k**2 + 38*k - k**3 - 4*k**3 - 9 - 27*k. Calculate h(-10).
-19
Let q(a) = a**2 - 8*a - 4. Let m(t) = t**3 + 27*t**2 - 53*t - 1. Let x be m(2). Determine q(x).
5
Suppose 3*i + 3*s + 57 = 66, -6 = 2*i - 2*s. Let b(o) = -o**3 - o**2 - o + 30. Give b(i).
30
Suppose 3 + 0 = g. Let k(c) = 3*c - 1. Let i(w) = 7*w - 2. Let z(a) = -a**3 + 3*a**2 + 5*a - 6. Let r be z(4). Let u(m) = r*i(m) + 5*k(m). Calculate u(g).
2
Let i(a) be the second derivative of 0 - 10*a - 1/6*a**3 - 3/2*a**2. Determine i(-7).
4
Let t = -39 + 41. Let w(m) = m - t + 1 + 0. Let l(f) = f - 7. Let r be l(7). Give w(r).
-1
Let h(b) = -4*b**3 + 4*b**2 - 3. Let a(u) = -2*u**3 + 2*u**2 - 1. Let j(c) = -5*a(c) + 2*h(c). Let n = 230 + -228. Calculate j(n).
7
Suppose -2*p = 6, -5*p = -3*g - 1 + 4. Let w(i) = 5*i**2 - 2*i + 5. Let a(z) = -7*z**2 + 2*z - 6. Let u(t) = -3*a(t) - 4*w(t). What is u(g)?
6
Let o(h) = -h**2 + 8*h - 11. Let r be 14/(-28) + 9/2. Suppose -3*b + r*n + 5 + 7 = 0, 2*n - 46 = -5*b. Determine o(b).
-11
Let j = -671 + 686. Let q(z) = z**2 - 17*z + 28. What is q(j)?
-2
Let m(z) be the second derivative of -z**4/12 + z**3/6 - z**2/2 + z. Let f(k) = -12*k + 38. Let g be f(3). Determine m(g).
-3
Let b be (-5)/(-5)*(-3 + 5). Let f(r) = 2*r + r**3 + 15 - 15 + r - 5*r**b. What is f(2)?
-6
Let o(n) = 9*n - 1. Let v = 349 + -348. Determine o(v).
8
Let f(b) = 4*b**2 - 17*b + 4. Let u(o) = 7*o**2 - 32*o + 8. Let n(z) = 5*f(z) - 3*u(z). Determine n(11).
-4
Let m(a) = a**3 - 7*a**2 + 4*a - 1. Let x(r) = -2*r**3 + 14*r**2 - 8*r + 2. Let v(f) = 9*m(f) + 4*x(f). Suppose 0*b = 4*b - i - 28, 2*i = -8. Calculate v(b).
-13
Let w(g) = -9 + 2 - 6 - 12 + g - 4*g. What is w(-9)?
2
Let v(r) = -2*r + 0 + 1 - 4. Let t(a) = -2*a**3 + a - 2*a**3 + 20*a**2 - 14 + 6*a**3 - 4*a**3. Let w be t(10). Give v(w).
5
Let t(b) = b**3 + 4*b**2 + 3*b - 1. Let g(d) = 2*d**2 - 31*d - 19. Let p be g(16). Determine t(p).
-1
Let u(d) = -14*d**2 + 16*d + 18. Let t(l) = -2*l**2 - l + 2. Let n(z) = -5*t(z) + u(z). What is n(6)?
-10
Let n(z) = -z + 11. Let p be n(9). Let r(f) = p + 0*f - 2*f + 3*f**2 + 4*f. Calculate r(-2).
10
Let w(b) = 2*b - 16. Let r be w(9). Let m(p) = -10*p**2 - p**3 + 6 + 5*p**2 + 4*p + r*p + 11*p**2. Determine m(7).
-1
Suppose 53 = 5*x + 8. Let l(q) = -4*q**3 + x*q**2 + 3*q**3 - 8*q**2. Calculate l(2).
-4
Let w(r) = 5*r + 4. Let f(q) = 14*q + 12. Let k(g) = 6*f(g) - 17*w(g). Suppose 6*h - 4*h + 4*o + 98 = 0, 5*h - 4*o = -273. Let i = h - -57. What is k(i)?
0
Let u = -595 - -592. Let z(h) = -h**3 - 3*h**2 - 2*h - 4. Determine z(u).
2
Let n(m) = m**2 + 12*m + 25. Suppose -1157 = 73*y - 427. Give n(y).
5
Suppose 7 = -c + 14. Let a(t) = -2*t**2 - 10*t + 1. Let n(v) = -v**2 - v - 1. Let d(z) = -a(z) + 3*n(z). Calculate d(c).
-4
Let r be -19*1 + -24 + 28. Let p be 19/(-4) - r/20 - -5. Let n(q) = 3*q - 1. What is n(p)?
2
Let t(c) be the second derivative of 2*c**3/3 + 437*c. Let m(f) = f**2 + 3*f - 1. Suppose 12 = -4*a + 5*d, 4*a - 3*d - d = -12. Let n be m(a). Give t(n).
-4
Let a(d) be the third derivative of d**6/120 - 7*d**5/60 - d**4/4 - 5*d**3/6 + 42*d**2 + 2. Give a(8).
11
Let s(g) = g**2 + 8*g + 6. Let a = -5 + -13. Let v = a + 12. Determine s(v).
-6
Let t(p) = -p**2 + 70. Let w(d) = -d - 16. Let o(g) = t(g) + 4*w(g). Let s(r) = r**3 - 6*r**2 - 5. Let c be s(6). Calculate o(c).
1
Let n(t) = -t**2 - 31*t - 167. Let r be n(-7). Let v(u) = 13*u**3 + u - 1. Calculate v(r).
13
Let y(x) = -3*x + 10*x - 5*x - 3*x. What is y(-1)?
1
Let a(r) be the second derivative of r**3/3 + 4*r**2 - 3*r. Suppose 3*u + 4*w = 2*u + 5, -5*w = -u - 22. Determine a(u).
-6
Suppose -5*f + 4*f + 5 = 0. Suppose 6 = -f*z - 14. Let v(y) = -y**3 - 9*y**2 - 2*y - 2. Let j(p) = p**2 - p + 1. Let k(h) = -3*j(h) - v(h). Give k(z).
11
Suppose 46*g + 2 = 44*g. Let j be 3/3 + (-1 - g). Let b(t) = 2*t**3 - 2*t**2 + 9. Let i(c) = -c**3 + c**2 - 4. Let h(r) = -4*b(r) - 9*i(r). Determine h(j).
0
Suppose -w + 10 = 7. Let k(o) be the second derivative of o**4/24 - o**3/3 - 3*o**2/2 - 6*o. Let c(z) be the first derivative of k(z). Calculate c(w).
1
Let o = -172 + 176. Let t(u) be the second derivative of -1/2*u**2 + 1/3*u**3 + 0 + 1/12*u**o + 3*u. What is t(-2)?
-1
Let n(k) = -3*k. Let y(t) = t**2 + 14*t + 3. Let u be y(0). Determine n(u).
-9
Let b(t) = t**3 - 6*t**2 - 2*t + 8. Let l(y) = y**3 + 6*y**2 + 3*y + 24. Let k be l(-6). Calculate b(k).
-4
Let v(h) = h**3 - 20*h**2 + 22*h - 56. Let o be v(19). Let m(r) = -24*r**2 + 25*r**2 - 1 + 12*r**3 + 11*r**3. Give m(o).
23
Let o(u) be the first derivative of -u**2/2 - 5*u - 1. Let l be 7 - (-3 - 1)/1. Suppose 4*q + l = -1. What is o(q)?
-2
Let p(k) = 12*k - 2. Let n be (-1)/(-4) + 52/(-16) - -4. What is p(n)?
10
Let f(p) be the first derivative of -p**2 - 1/3*p**3 + 1/4*p**4 + 1/12*p**5 - 1/120*p**6 - 5 + 0*p. Let l(k) be the second derivative of f(k). Give l(6).
-2
Let m(o) be the second derivative of -8*o - 1/6*o**4 + 0 + o**2 - 7/6*o**3. Calculate m(-5).
-13
Let x(o) = -22*o + 1. Let k = 495 - 496. Give x(k).
23
Let i = 1 - 1. Let q(v) be the first derivative of -v**4/24 - 2*v**3/3 - 19*v**2 + 46. Let h(p) be the second derivative of q(p). Calculate h(i).
-4
Suppose -117*f - 287 - 181 = 0. Let c(u) = u**2 + 6*u + 16. Determine c(f).
8
Let p(a) = -a**2 - 7*a - 5. Suppose -o + 6 - 1 = -2*h, 2*h + 5*o + 35 = 0. Determine p(h).
5
Let b be ((-4)/10)/((-8)/40). Suppose 5 = b*l + 3. Let y(k) = -k**2 - k - 1. Let o(d) = 3*d**2 - d + 3. Let j(r) = l*o(r) + 2*y(r). What is j(3)?
1
Let v(f) = -5*f - 50. Let o be v(-9). Let s(q) = -6*q - 10. Let y(g) = 2*g + 3. Let l(k) = 4*s(k) + 11*y(k). Calculate l(o).
3
Let y(z) = -7*z + 64. Let c(i) = -3*i + 29. Let d(p) = 9*c(p) - 4*y(p). Determine d(-5).
0
Let k(g) = 6*g**3 + g**2 - g - 1. Let t be k(-1). Let u = t + 3. Let n(p) = 10 + 3*p**2 - 10*p - 9 + 12*p. Calculate n(u).
9
Let t(b) be the first derivative of -b**4/4 + 2*b**3 + b**2/2 - 3*b + 414. Suppose w + 18 = 4*w. Give t(w).
3
Let v(k) = 4*k**3 + 5*k**2 + 2*k - 4. Let q(l) be the second derivative of -l**5/4 - l**4/4 - l**3/2 + 3*l**2/2 + 40*l. Let h(j) = 3*q(j) + 4*v(j). Give h(-11).
4
Let x(d) = -d**2 - 4*d - 5. Let k(p) = p**2 + p + 6. Let w(j) = -4*k(j) - 3*x(j). Suppose -2*l + 5*l - 21 = 0. Suppose l = -r + 2*r. Determine w(r).
-2
Suppose 2*l + 2 = 4. Suppose -1 = 4*y + u, 3*u - l = -5*y + u. Let p(h) = 4*h**3 - 2 + 1 + 2*h**2 + 0*h**3. Give p(y).
-3
Let g(z) be the second derivative of z**4/12 + z**3 + 5*z**2 + z - 74. Give g(-4).
2
Let y be (-4 - -43)*(3 - 2). Let a be (-6)/(-4)*52/y. Let b(q) be the first derivative of -q**4/4 + 2*q**3/3 - q**2 + 2*q + 1. Calculate b(a).
-2
Let b(y) = -y + 8. Let f(t) = 3*t - 1. Suppose -4*i + 20 = 4*u, -5*u - 3*i + 25 = -4*i. Let g = 7 - u. Let q be f(g). Give b(q).
3
Let i = 0 - 1. Let f(n) = -2 + 59*n + 54*n - 126*n + 3. Calculate f(i).
14
Let d(n) = 3*n**2 - 1 + 3 + 0 + 1. Calculate d(1).
6
Let q(h) = -h**2 + 14*h - 9. Let l(w) = w. Let g(c) = 5*l(c) - q(c). Let u be ((-42)/15)/(1 + 35/(-25)). Determine g(u).
-5
Let l(j) = -9*j + 4. Let u(q) = q**3 - 6*q**2 + 4*q + 6. Let h be u(5). Let k be l(h). Let n(t) = -t**2 - 6*t + 1. Calculate n(k).
6
Let o(s) = 7*s. Let r(w) = 4*w - 19. Let x be r(11). Let z = 24 - x. Calculate o(z).
-7
Suppose c = -g, 5*c = 5*g - 5 - 15. Let w(d) = -d - 7. Let b be w(c). Let j(f) = -f**2 - 3*f - 1. Determine j(b).
-11
Let g be ((-18)/(-5))/(4/10). Let p(a) = 11*a - 17. Let i(t) = 5*t - 8. Let w(q) = g*i(q) - 4*p(q). Give w(-6).
-10
Let t(q) be the third derivative of -q**6/120 - q**5/15 - q**4/6 - q**3/3 - 84*q**2. What is t(-5)?
43
Let r(b) be the second derivative of b**8/6720 + b**7/630 - b**6/240 + b**5/60 - b**4/3 + 8*b. Let t(v) be the third derivative of r(v). Determine t(-4).
14
Let m(g) be the first derivative of g**4/4 + 2*g**3 + 7*g**2/2 - 8*g + 423. Calculate m(-6).
-50
Let p(g) = -5*g**2 + 4*g + 8. Let d(z) = 5 - 9 + z**2 + 3. Let a(i) = 6*d(i) + p(i). Calculate a(-4).
2
Let l = 99 - 93. Let